 derivative of -s**4/4 - 4*s**3 - 5*s**2 - 37*s + 18. Let a be h(-8). Let j = -74 - a. What is the tens digit of j?
3
Suppose -19*v - 39 = 94. Let k(b) = b - 2 - 3*b + 0*b. What is the units digit of k(v)?
2
Let a(d) = -d + 1. Let k be a(-14). Let h be (-56)/(-6) + (-20)/k. What is the units digit of (-4)/16 + 82/h?
0
Suppose 44 = 2*p + 5*m, -5*p - 3*m = 16 - 88. Suppose -c - j = 3*j + 1188, 0 = 3*j - p. What is the units digit of (c/7*(-2)/(-4))/(-2)?
3
Let h be (-8)/(-36) - 50/(-18). Suppose 3*c + 8 = c, -h*f = 4*c + 10. Suppose 2*s + 0*t - t = 271, -t + 277 = f*s. What is the units digit of s?
7
Suppose -5*c - 186 = 79. Suppose 0 = 2*w - 128 - 30. Let z = c + w. What is the units digit of z?
6
Let u(q) = -59*q - 29. Let i be 8/(-52) - 3*356/156. What is the tens digit of u(i)?
8
Let b = 153 - 101. Let l be 10/(-45) - b/9. What is the units digit of (0 - -3) + (-714)/l?
2
Suppose 0 = 97*k - 25*k - 629208. What is the thousands digit of k?
8
Let o = -2206 + 3239. Suppose -4*c + o = r, -3 = -2*r + 7. What is the tens digit of c?
5
Suppose -a - 8*a = -36. Let p be (-892)/3*(33/(-6) + a). Suppose 58 = 4*f + 5*c - 525, -3*f = 2*c - p. What is the tens digit of f?
5
Suppose -34 = 2*x - 6*x - 2*c, -4*c - 4 = -4*x. What is the units digit of 3 + (-25)/10 + 4335/x?
3
Suppose -3*z + 5*o - 5 = -2*z, 0 = z + o - 1. Let y = 5 - z. Suppose 5*t - 264 = 4*a, -y*a = 3*t + t - 203. What is the tens digit of t?
5
Let b be (-4 + 3 - -4)*1. Suppose -33 = b*a - 330. Suppose 0 = -16*j + 17*j - a. What is the tens digit of j?
9
What is the thousands digit of (49 + 1)*(-5 - (-1680)/4)?
0
Let c(k) = k**3 - k**2 - 40*k + 15. Let h be c(-6). Suppose -g - h*x = 2*g - 3774, 3*g - 2*x = 3759. What is the tens digit of g?
5
Suppose -v + 2*z + 35428 = 0, 4938 = 4*v - 5*z - 136768. What is the thousands digit of v?
5
Suppose 0*s + 3*s = -9, 5*w + 1800 = 5*s. Let c = 978 + w. What is the units digit of c?
5
Suppose -8*o + 190 = -90. Suppose o*a - 13640 = 1655. What is the tens digit of a?
3
What is the units digit of (-87588)/(-10) - 132/165?
8
Let s be (2/3)/(16/24). Let j be ((-1)/s - -1) + 7 + -2. Suppose i + 45 = -0*b + j*b, 0 = -3*b - 3*i + 9. What is the units digit of b?
8
Let b(g) = 21 + 410*g - 198*g - 194*g. Let l be (-40)/(-6)*12/8. What is the tens digit of b(l)?
0
Suppose -b - 36779 = -u, -11*u + 10*u + 2*b = -36774. What is the thousands digit of u?
6
Let z be (-2 - 3*(-4)/12) + 4. Suppose -2*q + 8 = 4, -5*y + 2194 = -z*q. What is the units digit of y?
0
Suppose -70*i + 40*i = 60. Let b(c) = -36*c - 20. What is the units digit of b(i)?
2
Suppose 5*n - 16 = o + 21, 2*o - 6 = 0. Let i(q) = 74*q - 39. Let j be i(n). Suppose 4*a + b = j, 3*b + 426 = a + 2*a. What is the hundreds digit of a?
1
Let y be ((-4)/3)/(-5 + 29906/5982). Suppose 0 = 3*p - 2*u - 343 - y, p - 792 = 5*u. What is the hundreds digit of p?
7
Let h(d) = 1464*d - 3102. What is the tens digit of h(6)?
8
Suppose -1607 = -12*v - 71. Let n = -1 - -2. Let f = v - n. What is the units digit of f?
7
Let b = 18353 + 24798. What is the thousands digit of b?
3
What is the units digit of 6/5 + -18 + (-411471)/(-45)?
7
Suppose -2*b - 3*c + 10 = c, 3*c = -3*b. What is the tens digit of (-417)/b + (-75)/(-125)?
8
Suppose -2*i + 2*l + 10 = -i, -12 = -i + 3*l. Suppose 0 = -2*s - 20 + i. Let x(a) = -a**2 - 18*a - 5. What is the tens digit of x(s)?
7
Let b be 2940/18*(-171)/2. Let m = b - -6202. What is the hundreds digit of m/(-77) + 2/11?
1
Let x be (292/(-10) + 2)/((-4)/10). Suppose x*i - 654 = 62*i. What is the units digit of i?
9
Let y(i) = 2*i**2 - 6*i + 3. Let d be y(2). Let g be d + (68/(-6))/(4/(-18)). Let b = g - -42. What is the units digit of b?
2
Let l(s) = 56*s**2 + 7*s + 5. Let a be l(-1). What is the units digit of a/63 - 14816/(-28)?
0
Let q = 62 + -58. Let u(f) = 69*f - 44. What is the tens digit of u(q)?
3
Let a(c) be the second derivative of c**4/12 + c**3 - 5*c**2/2 - 29*c. What is the units digit of a(2)?
1
Let a = -39 - -42. Suppose 13*i - 8*i - a*y = 3097, -2*i + 1238 = -y. What is the hundreds digit of i?
6
Let a = 47 + -41. Suppose a*x - 30 = -0*x. Suppose -583 = -x*m + 207. What is the units digit of m?
8
Let l(r) = -r**3 - 7*r**2 - 6*r + 3. Suppose b = 10*b + 54. Let k be l(b). Suppose -2*d - 3*d + 1083 = -c, 3*c = -k*d + 657. What is the units digit of d?
7
Let f be -6 + (-278)/6*-9. What is the tens digit of f - 0 - (6 - 0)?
0
Let l(c) be the second derivative of 5*c**3/2 - 35*c**2/2 + 529*c. Let g be 1/(-4) - 183/(-12). What is the hundreds digit of l(g)?
1
Let p be (11/((-220)/24))/(2/(-15)). Suppose -4*k - p = -21. What is the units digit of k/3 + 3 - -86?
0
Let j(q) = q**2 - 16*q - 57. Let w be j(19). What is the hundreds digit of (-1 - w) + -4 - -187?
1
Let i(x) = -7700*x + 43. What is the hundreds digit of i(-6)?
2
Let p(m) = -m**2 - 16*m. Let n be p(-10). Let c = -79 + n. Let g(y) = -3*y + 43. What is the units digit of g(c)?
0
Let s(i) = -5704*i + 98. What is the tens digit of s(-4)?
1
Suppose -162 = -17*t + 110. Suppose 21*q + t*q = 62012. What is the thousands digit of q?
1
Suppose 3*l - 3*d = -2*d + 7886, -7884 = -3*l + 3*d. What is the tens digit of l?
2
Let w be -5 - (-5 - (-4 + 3)) - -1. Suppose 2*a - 2*n - 1320 = w, 2*a - 1583 = -2*n - 243. What is the hundreds digit of a?
6
Suppose 2218*p = 2213*p + 585. What is the hundreds digit of p?
1
Suppose -121*l + 216*l = 4182945. What is the thousands digit of l?
4
What is the hundreds digit of -1*3583/(-7 - (-272)/40)?
9
Let t(d) be the third derivative of d**4/3 - d**3/3 - 17*d**2. Let p be t(1). Suppose p*s = -49 + 331. What is the units digit of s?
7
Suppose -119 - 292 = -3*u. Let m = u + -208. Let o = m - -145. What is the units digit of o?
4
Let s(z) = 672*z**2 - 46*z + 521. What is the tens digit of s(8)?
6
Suppose -829886 - 2271978 = -76*n. What is the thousands digit of n?
0
Suppose 3*f - 10299 = -5*w, 3*f - 2055 = -63*w + 62*w. What is the thousands digit of w?
2
Suppose 1011*c - 1009*c - 124151 = -3*i, 2*i + c = 82766. What is the thousands digit of i?
1
Let j = -1797 - -741. Let t = 2217 + j. What is the thousands digit of t?
1
Let v(c) = -50*c**3 + 20*c + 3*c**2 + 77 - 28 - 18 - 30. What is the hundreds digit of v(-3)?
3
Let d(x) = 2*x**2 - 2*x - 24. Let c be (4/(-6))/((-6)/(-459)*-3). Suppose 5*f - 3*f = -v + c, 0 = 4*f - 3*v - 49. What is the hundreds digit of d(f)?
1
Let f(o) = -3*o**2 - 5*o - 3. Let y be f(-3). What is the units digit of 9 + y - (2 + -21)?
3
Let z(r) = -2*r + 34. Let y be z(13). Suppose y = -6*d + 44. What is the units digit of d/(-21) - ((-4)/14 + -1)?
1
Let r(s) = s**3 + 7*s**2 - 8*s + 3. Let d be r(4). Suppose 3*w = -n - 0 + d, 142 = n + 4*w. What is the hundreds digit of n?
1
Suppose -5*g = -3*d - 13759, -5*d = 52*g - 57*g + 13755. What is the hundreds digit of g?
7
Let j(l) = -54*l + 44. Suppose b - 4*b - 20 = 5*x, 2*x = -2. Let a be j(b). Let k = a - 149. What is the units digit of k?
5
Suppose 0 = -2*z + 3*r + 17951, -3*z + 625*r + 26949 = 628*r. What is the hundreds digit of z?
9
Suppose -t + 19721 = -2*a, 3*t - a = 92368 - 33220. What is the ten thousands digit of t?
1
Let u(v) = v**3 + 51*v**2 + 4*v + 12. What is the units digit of u(-10)?
2
Suppose -o + 5044 = 3*g, 15*g + 20077 = 4*o + 16*g. What is the thousands digit of o?
5
Let j(r) = 5*r**3 - 24*r**2 + 40*r + 391. What is the tens digit of j(18)?
9
What is the units digit of (23/92)/(4/624)?
9
Suppose 14524 = -219*l + 221*l. What is the hundreds digit of l?
2
Let w = -57 + 50. Let v(k) = -k**2 - 7*k + 6. Let a be v(w). What is the units digit of 17*(7 + 2) - a/(-2)?
6
Suppose -2124 = -4*k + 11004. What is the hundreds digit of k?
2
Suppose m + 26658 + 9862 = 23*m. What is the tens digit of m?
6
Suppose u = 4*u - 8*u. Suppose u = 3*l - 2*k - 39, 2*l - 84 = -3*l - 3*k. What is the units digit of l?
5
Let z = 2788 + 3299. What is the thousands digit of z?
6
Suppose 8*t = 17307 + 35669. What is the hundreds digit of t?
6
Suppose -37396*i = -37394*i - 10582. What is the thousands digit of i?
5
Suppose -1201 - 1849 = -25*v. Let a = 3 + 0. What is the hundreds digit of v - (a/(-4) - (-15)/20)?
1
Suppose 5*t - 8*t = -9. Suppose -n + 152 = t*y + 4*n, -4*y - 2*n + 226 = 0. Suppose -6*h - g = -3*h - 153, -h - 3*g + y = 0. What is the uni